, what is 7195 - 139?
7057
In base 13, what is 5 + -2563?
-255b
In base 10, what is -2634 + -640?
-3274
In base 2, what is -100 + 1000011001000100?
1000011001000000
In base 15, what is c866 - -4?
c86a
In base 14, what is 1c90 - 113?
1b7b
In base 12, what is aa0 + -21?
a7b
In base 10, what is 6662 + -7?
6655
In base 16, what is e5 - -e07?
eec
In base 14, what is -333 - -243?
-d0
In base 8, what is -2537 - 147?
-2706
In base 9, what is 121277 - 1?
121276
In base 8, what is -1251733 - -5?
-1251726
In base 5, what is -20111132 - -4?
-20111123
In base 12, what is 229b8 - -5a?
22a56
In base 15, what is -e3 + -701?
-7e4
In base 2, what is 10010111110111 - 11001?
10010111011110
In base 15, what is -102 + -4b?
-14d
In base 3, what is -1211 - 1111020?
-1120001
In base 12, what is a5 + 38?
121
In base 16, what is -4 - -70ab?
70a7
In base 10, what is 300 + -395?
-95
In base 9, what is 701 - -11854?
12655
In base 10, what is -2 + 44971?
44969
In base 3, what is -101120 - -122221?
21101
In base 11, what is -67 + 2649?
2592
In base 7, what is -1421111 + -41?
-1421152
In base 12, what is -924 - 2b13?
-3837
In base 13, what is -189 - -9a?
-bc
In base 9, what is -2 - 2174424?
-2174426
In base 5, what is 10 + 1102134?
1102144
In base 11, what is -698a - -2?
-6988
In base 2, what is -101 - -100110101101?
100110101000
In base 14, what is -7 + -10031?
-10038
In base 12, what is 87a + 257?
b15
In base 16, what is -4 + -4e50?
-4e54
In base 16, what is -4 + -1392d?
-13931
In base 13, what is 242 + -206?
39
In base 9, what is 1 - -45643?
45644
In base 9, what is -5 + 57688?
57683
In base 7, what is 65605 - 166?
65406
In base 7, what is -35 + 41615?
41550
In base 11, what is 74469 + -1?
74468
In base 12, what is 0 + -4b949?
-4b949
In base 4, what is -132211331 + -11?
-132212002
In base 7, what is 102 - -3416?
3521
In base 14, what is -4 + -25dc2?
-25dc6
In base 10, what is -52108 + -3?
-52111
In base 11, what is 1 + -7887?
-7886
In base 3, what is 11021120 - 201211?
10112202
In base 12, what is -54 + -a81?
-b15
In base 16, what is -2 + -1c4cc?
-1c4ce
In base 15, what is 1 + -618a?
-6189
In base 13, what is -5 - -165b23?
165b1b
In base 14, what is 57187 + 4?
5718b
In base 8, what is 30 + 6004?
6034
In base 4, what is 32 + -23320312?
-23320220
In base 6, what is -2 - -4223415?
4223413
In base 13, what is -20bb3 + 2?
-20bb1
In base 13, what is 3 + 26a4b?
26a51
In base 13, what is 5835 - 25?
5810
In base 15, what is 1 - 8005e?
-8005d
In base 3, what is -22210 - 10001202?
-10101112
In base 4, what is -30203120 - 210?
-30203330
In base 2, what is 1011 + -10010111010111?
-10010111001100
In base 14, what is 273c9 - 21?
273a8
In base 15, what is -109 + -130?
-239
In base 11, what is -2a04 + 168?
-2847
In base 14, what is 94 - 61d?
-569
In base 14, what is 1 + -53924?
-53923
In base 6, what is -15 + -12011?
-12030
In base 9, what is -2 - -80044?
80042
In base 2, what is 10001000110 + -1000011?
10000000011
In base 12, what is -93b410 + 1?
-93b40b
In base 15, what is 5 + 171?
176
In base 16, what is 0 + 4ee25?
4ee25
In base 8, what is -67 + -4647?
-4736
In base 12, what is 32 - -22a38?
22a6a
In base 5, what is 12003 + -30?
11423
In base 10, what is 23221 + -4?
23217
In base 3, what is -210 - -1020000211?
1020000001
In base 13, what is -1c6 + 1b0b?
1915
In base 12, what is 20 + -3408b?
-3406b
In base 16, what is -1230 + 8?
-1228
In base 8, what is 7064 + 360?
7444
In base 16, what is 28f6c + -6?
28f66
In base 10, what is 6 + 9001?
9007
In base 12, what is 58 - -2a5?
341
In base 11, what is 247 - -197?
433
In base 15, what is 1c8 - -112?
2da
In base 2, what is -100 + 11101001101001?
11101001100101
In base 7, what is 2264604 - -20?
2264624
In base 5, what is 2 - 30114211?
-30114204
In base 7, what is -110511 + 66?
-110412
In base 15, what is -64 + -1132?
-1196
In base 12, what is 4 + -23ab?
-23a7
In base 5, what is 430331 - -33?
430414
In base 8, what is -53 - 161117?
-161172
In base 11, what is -4078 - -2?
-4076
In base 16, what is 7c7 + -a?
7bd
In base 6, what is 535100 - -4?
535104
In base 4, what is 30202 + 1120?
31322
In base 3, what is -201 - 1001201220?
-1001202121
In base 7, what is 21142346 - 1?
21142345
In base 14, what is -240 - -1a2?
-7c
In base 4, what is 10 - -20010103?
20010113
In base 7, what is -11501066 + -5?
-11501104
In base 7, what is 5415 - 134?
5251
In base 11, what is -4 - -8a?
86
In base 15, what is 92b + 74?
9a0
In base 2, what is -10000 - -101011100011?
101011010011
In base 6, what is -1330424 + 3?
-1330421
In base 6, what is 10105410 + 2?
10105412
In base 12, what is 7672 - 4?
766a
In base 3, what is -212120100011 + -111?
-212120100122
In base 2, what is 11011001110 - 1001011110?
10001110000
In base 12, what is aa4 + -347?
759
In base 12, what is 3b + 10a6?
1125
In base 11, what is -1104 - 8?
-1111
In base 2, what is -11 + -111001101001111?
-111001101010010
In base 10, what is 13632 + -281?
13351
In base 10, what is -8 + 2216?
2208
In base 7, what is -141262 + -5?
-141300
In base 15, what is -12 + -1e7d7?
-1e7e9
In base 13, what is -8 - 2a83?
-2a8b
In base 14, what is 6 + 2988?
2990
In base 7, what is -526 + 5103?
4244
In base 12, what is -58a + 0?
-58a
In base 6, what is 1101 + 300?
1401
In base 2, what is -111011111 - 101?
-111100100
In base 15, what is -2d + 3629?
35eb
In base 11, what is 1833 + 267?
1a9a
In base 7, what is 21 - 12526?
-12505
In base 4, what is 30331003 + -10?
30330333
In base 13, what is 2a5c5 - 7?
2a5bb
In base 2, what is -1010011101 + -11111?
-1010111100
In base 16, what is -d1 + -f8?
-1c9
In base 8, what is 103 + -214?
-111
In base 3, what is -21210011 + 101?
-21202210
In base 8, what is -1 + -27204?
-27205
In base 12, what is -5 - -24206?
24201
In base 16, what is 2 - -1570?
1572
In base 9, what is 4 - -107811?
107815
In base 6, what is 4010412 - 2?
4010410
In base 3, what is -22100 - 1222?
-101022
In base 8, what is -12574 + 105?
-12467
In base 7, what is 153221 - 0?
153221
In base 8, what is 5 + -15231?
-15224
In base 16, what is 310 - -2d?
33d
In base 11, what is -4 + -10a53?
-10a57
In base 15, what is 3 + 4a19?
4a1c
In base 2, what is 111000 + -1010110001010?
-1010101010010
In base 9, what is -1475 + -4?
-1480
In base 7, what is -1 + -11362134?
-11362135
In base 16, what is 6d + -100?
-93
In base 8, what is -4 - 144524?
-144530
In base 3, what is 10201010 - 21001?
10110002
In base 2, what is 1100 - 10110010100?
-10110001000
In base 16, what is 1 + a4dbc?
a4dbd
In base 3, what is 1 - 11221010020?
-11221010012
In base 15, what is -927 + -36?
-95d
In base 6, what is 14040 - -14?
14054
In base 3, what is -200010 - -22200?
-100110
In base 8, what is 13 - 743?
-730
In base 13, what is -2a - 62?
-8c
In base 11, what is 49a + 69?
558
In base 14, what is -10 - 26b?
-27b
In base 5, what is -33 + 22141?
22103
In base 13, what is -10bc + c09?
-1b3
In base 2, what is -10010 + 110011111000?
110011100110
In base 6, what is -11151 - 1540?
-13131
In base 9, what is 384870 + 0?
384870
In base 8, what is -142647 + -3?
-142652
In base 14, what is -4 - 52b4?
-52b8
In base 10, what is 603 - -9?
612
In base 5, what is -111 + 14341230?
14341114
In base 7, what is 2542550 - 0?
2542550
In base 3, what is -210211112100 + 1?
-210211112022
In base 4, what is 1001103 - -30?
1001133
In base 15, what is -261 - -1a?
-246
In base 7, what is -21 + 101245?
101224
In base 16, what is aa3c6 + 1?
aa3c7
In base 7, what is 1 - 465452?
-465451
In base 9, what is -8 + -15474?
-15483
In base 2, what is 11 + 110010001010000111?
110010001010001010
In base 4, what is -3102 + -11002?
-20110
In base 5, what is -2133 + -134?
-2322
In base 5, what is -122330233 - -11?
-122330222
In base 13, what is -3 + -39a85?
-39a88
In base 12, what is -7228 - -3?
-7225
In base 3, what is -1011001200102 + -2?
-1011001200111
In base 10, what is -3 - 237433?
-237436
In base 7, what is 1355 - 1602?
-214
In base 2, what is 100110111 + 10011101?
111010100
In base 2, what is -11000000110100011 + -1?
-11000000110100100
In base 16, what is -c54 + -a5?
-cf9
In base 12, what is 464b + -44?
4607
In base 11, what is -1 + -2911?
-2912
In base 4, what is -1321 + 1332?
11
In base 6, what is 1304001 - 4?
1303553
In base 7, what is 110 + 40335?
40445
In base 7, what is -136 + 304164?
304025
In base 6, wha